) - (-4)/14. Suppose t*v - 25 = p, 3*p = v + 2*p - 9. Suppose -v*h + 2*c + 997 = h, -c + 205 = h. What are the prime factors of h?
3, 67
Let f = 3 + 141. Let t(o) = o**2 + 26*o - 95. Let i be t(5). List the prime factors of i - ((-2)/9 - f/81).
2, 31
Suppose 56*w - 70*w = 70*w - 3347148. What are the prime factors of w?
39847
Let b be (4/10)/(2/6250). Suppose -10*q = -4600 - b. List the prime factors of q.
3, 5, 13
Suppose -l - 319 = -4*v, v + 5*l = 3*l + 82. Let g be (-1)/(-6) + 7/(-42). Suppose k = -3*c + 2*c + v, g = 2*c - 2*k - 172. What are the prime factors of c?
83
Suppose -d + 333 = 2*x, 3*d + 377 = x + 1411. Let b = -164 + d. What are the prime factors of b?
179
List the prime factors of 0/(3 + -1) + 1*(-41399)/(-1).
41399
List the prime factors of (30 + -2434)/(12/(-15)).
5, 601
Suppose 29185 = z + 16*r - 18*r, 0 = z + 5*r - 29227. List the prime factors of z.
7, 43, 97
Let h(x) = 67*x**2 - 44*x - 21. List the prime factors of h(8).
3, 5, 29
Let w be 52 + -47 - (-10)/(-2). Let s(k) = -k**3 - 2*k**2 + k + 1398. List the prime factors of s(w).
2, 3, 233
Suppose -5*o - 3*v = -6, -21 = o - 4*o + 4*v. Suppose -i = r - 26, -7*r + 80 = o*i - 3*r. Suppose -19*l = -i*l + 90. List the prime factors of l.
2, 3
Let h(p) = 74*p**3 - 4*p**2 - 2. Let o(a) = 147*a**3 - 7*a**2 + a - 4. Let u(c) = -5*h(c) + 3*o(c). Let x be (-2 + 1)*(8 + -9). List the prime factors of u(x).
71
Suppose 0 = 422*p - 421*p - 5305. List the prime factors of p.
5, 1061
Let u = 75761 + -51528. What are the prime factors of u?
11, 2203
Suppose -3*a = -851 - 85. Let t = a - 173. List the prime factors of t.
139
Let t(r) = r**3 + 6*r**2 - 16*r + 2. Let x be t(-8). Let a be (3 - x)*(-217)/1. Let l = -147 - a. What are the prime factors of l?
2, 5, 7
Suppose -5*y + 262484 = 4*l, 231105 = 4*y - 2*l + 21123. What are the prime factors of y?
2, 17, 193
Suppose 7565 = g - 6*g. Let i be 1/3 + g/(-51). Let z = i - -3. What are the prime factors of z?
3, 11
Let s = 9 - 6. Let m(x) = -2*x**2 - 4*x**3 + s*x**3 + 2*x**3 + 5*x**2 - 2*x + 6. What are the prime factors of m(4)?
2, 5, 11
Let q be 3/(-48) - (-1442)/32. List the prime factors of 9/(q/40) - -380.
2, 97
Suppose 5*c + 21 = v, -2*c = 5*v - 7*c - 45. Let i = v - 1. List the prime factors of (1 + 0)*(i - 5) - -101.
101
Let x(d) = -18*d + 148. Let w be x(8). Let p(v) = 10*v**3 - 9*v**2 + 7*v + 21. What are the prime factors of p(w)?
5, 109
Suppose -10*q - 92474 + 175025 + 151029 = 0. What are the prime factors of q?
2, 3, 17, 229
Let z = 32062 - 16683. What are the prime factors of z?
7, 13
Let z(a) = 76*a**3 + 46*a**2 + 64*a - 46. Let u(d) = 15*d**3 + 9*d**2 + 13*d - 9. Let m(b) = -11*u(b) + 2*z(b). What are the prime factors of m(-3)?
2, 5, 17
Let k = -22350 + 31785. List the prime factors of k.
3, 5, 17, 37
Let b(i) = 3*i**3 + 7*i**2 - 16*i + 4. Let h(t) = -t**2 + t - 1. Let r(a) = -b(a) + 2*h(a). List the prime factors of r(-8).
2, 3, 5
Suppose 5*m - 9163 = -3*b, 5*b - m - 237 = 15044. What are the prime factors of b?
2, 191
Let n(i) = i**3 + 25*i**2 + 46*i + 2. Let v be n(-23). Let d(b) = 37*b**3 + 2*b**2 - 5*b - 2. List the prime factors of d(v).
2, 73
Let u(o) = 16*o**2 - 303*o + 3. List the prime factors of u(-27).
2, 3, 827
Let g(w) = -2*w - 45. Let f be g(-24). Suppose -f*z + 9 = -z + 3*j, -10 = -z + 4*j. What are the prime factors of z?
2, 3
Suppose -5*y = 2*v - 226089, 3*y - 232*v + 236*v = 135645. What are the prime factors of y?
3, 15073
Let d be 4462 - (0 + -5 + 4 - -5). Suppose 8*o + 178 - d = 0. List the prime factors of o.
5, 107
Suppose 3*p = -2*g + 6096, -3*g = 10*p - 2123 - 6999. List the prime factors of g.
2, 3, 509
Let u = 172 + -132. List the prime factors of u/(-12) + 1/3 - -343.
2, 5, 17
Let h = 5460 + -4541. What are the prime factors of h?
919
Let n(f) = -411*f**3 + 3*f**2 - 4*f + 10. What are the prime factors of n(-3)?
2, 5573
Let j be ((-104)/182)/(2/(-8582)). Suppose 9*k - j = 401. List the prime factors of k.
317
Let k(y) = 5*y**2 - 1. Let s be k(-1). Suppose -3*w - q + 3*q + 1698 = 0, 0 = w + s*q - 552. List the prime factors of w.
2, 3, 47
Let k = 29 + -23. Suppose k - 1 = -u. What are the prime factors of (-4994)/(-110) - (-2)/u?
3, 5
Let m be (3/2)/(1/2). Suppose 2*i = 5*w + 4, -m*i - 2*i = 2*w - 10. Suppose -p - 2*r + 50 = r, 5*r - 25 = w. List the prime factors of p.
5, 7
Let f(j) = 6*j**3 - j**2 - 9*j + 10. Let w be f(-6). List the prime factors of (10/(-5) + 1)/(2/w).
2, 317
Let u = 95 - -4. Suppose -368 = -3*p + g - 55, -u = -p + 3*g. List the prime factors of p.
3, 5, 7
Let i(u) = 1486*u**2 - 67*u + 144. List the prime factors of i(3).
3, 23, 193
Let l be 15/(105/(-7462)) + 2/2. Let g = 2151 + l. List the prime factors of g.
2, 3, 181
Suppose 3*s - s = 8, -2*c = 4*s + 124. Let x = 47 - 101. Let a = x - c. What are the prime factors of a?
2
Let n = 13613 + -1055. What are the prime factors of n?
2, 3, 7, 13, 23
Suppose -3*a = -0*a - 3*l + 3, 4*a - 2*l - 6 = 0. Suppose 0 = 2*d - 3*o - 5, -8*d = -7*d + 4*o - 30. Suppose -d*i = -a*i - 528. List the prime factors of i.
2, 11
Let r be 0 + (5917 + 6 - -5). Suppose -16*j + 5496 = -r. What are the prime factors of j?
2, 3, 7, 17
Suppose -153*p + 713946 = -761433. What are the prime factors of p?
9643
Let s be -65 + 0/((-1)/1). Let z be 2*8/(-18)*54/12. What are the prime factors of (1 - z)*(-338)/s?
2, 13
Suppose -156*r - 53 = -4*b - 151*r, 5*r = -25. List the prime factors of b.
7
Suppose -3*g + 0*p + 370 = -2*p, -5*g = p - 634. Let l = 16 + g. What are the prime factors of l?
2, 71
Let m be (-184)/(-16) + 1*(-12)/8. List the prime factors of ((-1884)/m)/(212/(-40) - -5).
2, 157
Suppose -32*l - 3416 = -25*l. List the prime factors of -1*(-35)/(-5) - l.
13, 37
Let z(w) = 19*w - 8. Let p be z(-5). Let t = 99 + p. What are the prime factors of ((-306)/(-6))/((-2)/t)?
2, 3, 17
Let t(c) = -c**3 + 4*c**2 - 2*c + 8. Let f be t(3). Suppose -f*r + 23 = 1. Suppose -7*j + 780 = -r*j. List the prime factors of j.
2, 3, 13
Suppose -75*l + 1294893 = 9*l - 1132035. List the prime factors of l.
2, 31, 233
Let o be 3 - (2 + 15/5). Let j be (-11)/o + (27/2)/9. Suppose -j*d + 620 = -3*d. What are the prime factors of d?
5, 31
Let r be (-3)/(-6) + 8/(-16). Suppose r = -22*f + 23*f - 68. List the prime factors of f.
2, 17
Let m be (4/(-5) + 0)*2070/(-4). Suppose 14*w = 5*w + m. What are the prime factors of 2/8*w*(0 + 2)?
23
Let r(a) = 16*a**2 + 38*a - 197. What are the prime factors of r(-37)?
3, 67, 101
Let l = 11856 - -37737. List the prime factors of l.
3, 61, 271
Let p = 13420 - -992. What are the prime factors of p?
2, 3, 1201
Let l = 300 + -298. Suppose 0 = l*y - 4*s - 1662, -3*y - 2*s = 42 - 2527. What are the prime factors of y?
829
Suppose 2*j + 8 = 16, -3403 = -w - j. List the prime factors of w.
3, 11, 103
Let r(c) = -12 + 4*c - 11*c**3 + 15*c**3 + c - 3*c + 4*c**3. List the prime factors of r(3).
2, 3, 5, 7
Suppose 886 = 53*q - 52*q. Suppose -10022 = -16*h - q. List the prime factors of h.
571
Let b(x) = -4*x**3 - 110*x**2 + 72*x - 164. What are the prime factors of b(-34)?
2, 3, 2287
Let k(h) be the second derivative of -9*h**5/20 + 7*h**4/12 - h**3/2 - 5*h**2 - 15*h. Let n be k(-5). Suppose 69 = -6*z + n. What are the prime factors of z?
2, 103
Let y(z) = z + 4. Let x(b) = -1. Let h(w) = -5*x(w) - y(w). Let m(q) = 5*q - 5. Let k(i) = -10*h(i) - m(i). What are the prime factors of k(6)?
5
Suppose 2*k = 8*k - 54. Suppose k*a - 45 = -0*a. Let v = a - -5. What are the prime factors of v?
2, 5
Let c(i) = -2*i**3 + i**2 - 9*i - 5. Suppose 19 - 39 = 2*s. Let v be -7 - (15/s)/(2/4). List the prime factors of c(v).
5, 7
Let n(q) = 11*q**2 + 6*q + 4. Suppose 0 = -2*l - 4*s + 26, 0 = 3*l - 4*s + 3*s - 18. Let p be n(l). Suppose 0*o + p = 5*o. List the prime factors of o.
3, 13
Let m = -47 + -184. Let c = m - -491. List the prime factors of c.
2, 5, 13
Let n = -510 - -664. Let q = n + 185. List the prime factors of q.
3, 113
Suppose -4*x + 215 = 2*f + 1089, 2*x = -4. Let q = 36 - f. List the prime factors of q.
7, 67
Let c(r) = -2*r - 3. Let q be c(3). Let t(b) = -b**3 - 9*b**2 - 1. Let m be t(q). List the prime factors of ((-10)/(-5))/m - -40.
2, 19
List the prime factors of (-4)/3*19/3*4266/(-4).
2, 3, 19, 79
Suppose -2*f = 2*t - 3*f - 553, 7*t = -2*f + 1941. W